{"id":43,"date":"2023-04-14T22:28:07","date_gmt":"2023-04-14T20:28:07","guid":{"rendered":"https:\/\/historia.kpodr.pl\/?page_id=43"},"modified":"2023-07-17T13:31:09","modified_gmt":"2023-07-17T11:31:09","slug":"https-www-kpodr-pl","status":"publish","type":"page","link":"https:\/\/historia.kpodr.pl\/","title":{"rendered":""},"content":{"rendered":"\n<div class=\"wp-block-columns is-layout-flex wp-container-core-columns-is-layout-9d6595d7 wp-block-columns-is-layout-flex\">\n<div class=\"wp-block-column is-layout-flow wp-block-column-is-layout-flow\">\u00a0<\/div>\n\n\n\n<div class=\"wp-block-column is-layout-flow wp-block-column-is-layout-flow\">\u00a0<\/div>\n<\/div>\n\n\n\n<figure class=\"wp-block-image size-medium\"><a href=\"https:\/\/historia.kpodr.pl\/index.php\/galeria\/\"><img loading=\"lazy\" decoding=\"async\" width=\"300\" height=\"16\" src=\"https:\/\/historia.kpodr.pl\/wp-content\/uploads\/2023\/04\/LINIA-HIST2-300x16.png\" alt=\"\" class=\"wp-image-182\" srcset=\"https:\/\/historia.kpodr.pl\/wp-content\/uploads\/2023\/04\/LINIA-HIST2-300x16.png 300w, https:\/\/historia.kpodr.pl\/wp-content\/uploads\/2023\/04\/LINIA-HIST2-1024x54.png 1024w, https:\/\/historia.kpodr.pl\/wp-content\/uploads\/2023\/04\/LINIA-HIST2-768x40.png 768w, https:\/\/historia.kpodr.pl\/wp-content\/uploads\/2023\/04\/LINIA-HIST2.png 1046w\" sizes=\"auto, (max-width: 300px) 100vw, 300px\" \/><\/a><\/figure>\n\n\n\n<div class=\"wp-block-columns is-layout-flex wp-container-core-columns-is-layout-9d6595d7 wp-block-columns-is-layout-flex\">\n<div class=\"wp-block-column is-layout-flow wp-block-column-is-layout-flow\" style=\"flex-basis:33.33%\"><div class=\"wp-block-image\">\n<figure class=\"alignleft size-medium is-resized\"><img loading=\"lazy\" decoding=\"async\" src=\"https:\/\/historia.kpodr.pl\/wp-content\/uploads\/2023\/04\/WSPOM1-300x300.jpg\" alt=\"\" class=\"wp-image-184\" width=\"225\" height=\"225\" srcset=\"https:\/\/historia.kpodr.pl\/wp-content\/uploads\/2023\/04\/WSPOM1-300x300.jpg 300w, https:\/\/historia.kpodr.pl\/wp-content\/uploads\/2023\/04\/WSPOM1-150x150.jpg 150w, https:\/\/historia.kpodr.pl\/wp-content\/uploads\/2023\/04\/WSPOM1.jpg 472w\" sizes=\"auto, (max-width: 225px) 100vw, 225px\" \/><\/figure>\n<\/div><\/div>\n\n\n\n<div class=\"wp-block-column is-layout-flow wp-block-column-is-layout-flow\" style=\"flex-basis:66.66%\">\n<p style=\"font-size:24px\"><strong>Zarys historii doradztwa rolniczego na terenie woj. kujawsko-pomorskiego.<\/strong><\/p>\n\n\n\n<p style=\"font-size:16px;font-style:normal;font-weight:400\">Upadek I&nbsp;Rzeczpospolitej i&nbsp;okres zabor\u00f3w \u2013 okres od 1772 do 1918&nbsp;r. Historia doradztwa rolniczego wi\u0105\u017ce si\u0119 ze zmian\u0105 w\u0142asno\u015bci ziemi&nbsp; i&nbsp;utworzeniem ch\u0142opskich gospodarstw rolnych. W&nbsp;Polsce proces ten zacz\u0105\u0142 si\u0119 pod koniec XVIII wieku, kiedy w&nbsp;1772&nbsp;r. Sejm podj\u0105\u0142 pr\u00f3b\u0119 reformy rolnej.<\/p>\n\n\n\n<p class=\"has-text-color\" style=\"color:#788188;font-size:16px\"><em><em><a href=\"https:\/\/historia.kpodr.pl\/index.php\/historia\/\">wi\u0119cej&#8230;<\/a><\/em><\/em><\/p>\n\n\n\n<p><\/p>\n<\/div>\n<\/div>\n\n\n\n<figure class=\"wp-block-image size-medium\"><a href=\"https:\/\/historia.kpodr.pl\/index.php\/wspomnienia\/\"><img loading=\"lazy\" decoding=\"async\" width=\"300\" height=\"16\" src=\"https:\/\/historia.kpodr.pl\/wp-content\/uploads\/2023\/04\/LINIA-WSP-300x16.png\" alt=\"\" class=\"wp-image-183\" srcset=\"https:\/\/historia.kpodr.pl\/wp-content\/uploads\/2023\/04\/LINIA-WSP-300x16.png 300w, https:\/\/historia.kpodr.pl\/wp-content\/uploads\/2023\/04\/LINIA-WSP-1024x54.png 1024w, https:\/\/historia.kpodr.pl\/wp-content\/uploads\/2023\/04\/LINIA-WSP-768x40.png 768w, https:\/\/historia.kpodr.pl\/wp-content\/uploads\/2023\/04\/LINIA-WSP.png 1050w\" sizes=\"auto, (max-width: 300px) 100vw, 300px\" \/><\/a><\/figure>\n\n\n\n<div class=\"wp-block-columns is-layout-flex wp-container-core-columns-is-layout-9d6595d7 wp-block-columns-is-layout-flex\">\n<div class=\"wp-block-column is-layout-flow wp-block-column-is-layout-flow\" style=\"flex-basis:33.33%\"><div class=\"wp-block-image\">\n<figure class=\"alignleft size-medium is-resized\"><img loading=\"lazy\" decoding=\"async\" src=\"https:\/\/historia.kpodr.pl\/wp-content\/uploads\/2023\/04\/L.PIECH1_-300x225.jpg\" alt=\"\" class=\"wp-image-23\" width=\"225\" height=\"169\" srcset=\"https:\/\/historia.kpodr.pl\/wp-content\/uploads\/2023\/04\/L.PIECH1_-300x225.jpg 300w, https:\/\/historia.kpodr.pl\/wp-content\/uploads\/2023\/04\/L.PIECH1_-768x576.jpg 768w, https:\/\/historia.kpodr.pl\/wp-content\/uploads\/2023\/04\/L.PIECH1_.jpg 787w\" sizes=\"auto, (max-width: 225px) 100vw, 225px\" \/><\/figure>\n<\/div><\/div>\n\n\n\n<div class=\"wp-block-column is-vertically-aligned-center is-layout-flow wp-block-column-is-layout-flow\" style=\"flex-basis:66.66%\">\n<p style=\"font-size:24px\"><strong>Pocz\u0105tki by\u0142y trudne&#8230;, ale ciekawe.<\/strong><\/p>\n\n\n\n<p style=\"font-size:16px;font-style:normal;font-weight:400\">Leszek Piechocki prawie ca\u0142e swoje zawodowe \u017cycie zwi\u0105za\u0142 z&nbsp;doradztwem. Zosta\u0142 zatrudniony w&nbsp;1975&nbsp;r. przez Rolniczy Rejonowy Zak\u0142ad Do\u015bwiadczalny w&nbsp;Minikowie, kt\u00f3ry po kilku miesi\u0105cach zmieni\u0142 nazw\u0119 na Wojew\u00f3dzki O\u015brodek Post\u0119pu Rolniczego &#8230;<\/p>\n\n\n\n<p style=\"font-size:16px\"><em><em><em><a href=\"https:\/\/historia.kpodr.pl\/index.php\/2023\/04\/16\/poczatki-byly-trudne-ale-ciekawe\/\">wi\u0119cej&#8230;<\/a><\/em><\/em><\/em><\/p>\n<\/div>\n<\/div>\n\n\n\n<div class=\"wp-block-columns is-layout-flex wp-container-core-columns-is-layout-9d6595d7 wp-block-columns-is-layout-flex\">\n<div class=\"wp-block-column is-layout-flow wp-block-column-is-layout-flow\" style=\"flex-basis:33.33%\"><div class=\"wp-block-image\">\n<figure class=\"alignleft size-full\"><img loading=\"lazy\" decoding=\"async\" width=\"787\" height=\"591\" src=\"https:\/\/historia.kpodr.pl\/wp-content\/uploads\/2023\/04\/Jerzy-Bialczyk2.jpg\" alt=\"\" class=\"wp-image-313\" srcset=\"https:\/\/historia.kpodr.pl\/wp-content\/uploads\/2023\/04\/Jerzy-Bialczyk2.jpg 787w, https:\/\/historia.kpodr.pl\/wp-content\/uploads\/2023\/04\/Jerzy-Bialczyk2-300x225.jpg 300w, https:\/\/historia.kpodr.pl\/wp-content\/uploads\/2023\/04\/Jerzy-Bialczyk2-768x577.jpg 768w\" sizes=\"auto, (max-width: 787px) 100vw, 787px\" \/><\/figure>\n<\/div><\/div>\n\n\n\n<div class=\"wp-block-column is-vertically-aligned-center is-layout-flow wp-block-column-is-layout-flow\" style=\"flex-basis:66.66%\">\n<p style=\"font-size:24px\"><strong>Prawie 50 lat pracy w O\u015brodku w Minikowie<\/strong><\/p>\n\n\n\n<p style=\"font-size:16px;font-style:normal;font-weight:400\">W ci\u0105gu minionych 67 lat dzia\u0142alno\u015bci O\u015brodka organizacja i zadania sukcesywnie si\u0119 zmienia\u0142y i by\u0142y zale\u017cne od polityki spo\u0142eczno-gospodarczej pa\u0144stwa, jak i uwarunkowa\u0144 i przemian na wsi. W ostatnich dekadach zmiany te wynika\u0142y r\u00f3wnie\u017c z transformacji ustrojowej pa\u0144stwa i przygotowania rolnik\u00f3w do wsp\u00f3lnej polityki rolnej. Jednym ze \u015bwiadk\u00f3w &#8230;<\/p>\n\n\n\n<p style=\"font-size:16px\"><em><a href=\"https:\/\/historia.kpodr.pl\/index.php\/2023\/04\/16\/prawie-50-lat-pracy-w-osrodku-w-minikowie\/\">wi\u0119cej&#8230;<\/a><\/em><br><\/p>\n<\/div>\n<\/div>\n\n\n\n<div class=\"wp-block-columns is-layout-flex wp-container-core-columns-is-layout-9d6595d7 wp-block-columns-is-layout-flex\">\n<div class=\"wp-block-column is-layout-flow wp-block-column-is-layout-flow\" style=\"flex-basis:33.33%\"><div class=\"wp-block-image\">\n<figure class=\"alignleft size-full\"><img loading=\"lazy\" decoding=\"async\" width=\"787\" height=\"591\" src=\"https:\/\/historia.kpodr.pl\/wp-content\/uploads\/2023\/05\/Bozena-Blaszczynska-podczas-targow-w-Minikowie.jpg\" alt=\"\" class=\"wp-image-458\" srcset=\"https:\/\/historia.kpodr.pl\/wp-content\/uploads\/2023\/05\/Bozena-Blaszczynska-podczas-targow-w-Minikowie.jpg 787w, https:\/\/historia.kpodr.pl\/wp-content\/uploads\/2023\/05\/Bozena-Blaszczynska-podczas-targow-w-Minikowie-300x225.jpg 300w, https:\/\/historia.kpodr.pl\/wp-content\/uploads\/2023\/05\/Bozena-Blaszczynska-podczas-targow-w-Minikowie-768x577.jpg 768w\" sizes=\"auto, (max-width: 787px) 100vw, 787px\" \/><\/figure>\n<\/div><\/div>\n\n\n\n<div class=\"wp-block-column is-vertically-aligned-center is-layout-flow wp-block-column-is-layout-flow\" style=\"flex-basis:66.66%\">\n<p style=\"font-size:24px\"><strong>Wywiad z Bo\u017cen\u0105 B\u0142aszczy\u0144sk\u0105<\/strong><\/p>\n\n\n\n<p style=\"font-size:16px;font-style:normal;font-weight:400\">W Kujawsko-Pomorskim O\u015brodku Doradztwa Rolniczego w Minikowie (KPODR) przepracowa\u0142am 45 lat, od roku 1974 do 2018 przechodz\u0105c r\u00f3\u017cne szczeble swojej kariery zawodowej. Prac\u0119 rozpocz\u0119\u0142am w 1974 roku w Rejonowym Rolniczym Zak\u0142adzie Do\u015bwiadczalnym w Minikowie &#8230;<\/p>\n\n\n\n<p style=\"font-size:16px\"><em><a href=\"https:\/\/historia.kpodr.pl\/index.php\/2023\/05\/05\/wywiad-z-bozena-blaszczynska\/\">wi\u0119cej&#8230;<\/a><\/em><\/p>\n<\/div>\n<\/div>\n\n\n\n<div class=\"wp-block-columns is-layout-flex wp-container-core-columns-is-layout-9d6595d7 wp-block-columns-is-layout-flex\">\n<div class=\"wp-block-column is-layout-flow wp-block-column-is-layout-flow\" style=\"flex-basis:33.33%\"><div class=\"wp-block-image\">\n<figure class=\"alignleft size-full is-resized\"><img loading=\"lazy\" decoding=\"async\" src=\"https:\/\/historia.kpodr.pl\/wp-content\/uploads\/2023\/05\/Boleslaw-Konitz.jpg\" alt=\"\" class=\"wp-image-485\" width=\"165\" height=\"200\" srcset=\"https:\/\/historia.kpodr.pl\/wp-content\/uploads\/2023\/05\/Boleslaw-Konitz.jpg 305w, https:\/\/historia.kpodr.pl\/wp-content\/uploads\/2023\/05\/Boleslaw-Konitz-247x300.jpg 247w\" sizes=\"auto, (max-width: 165px) 100vw, 165px\" \/><\/figure>\n<\/div><\/div>\n\n\n\n<div class=\"wp-block-column is-vertically-aligned-center is-layout-flow wp-block-column-is-layout-flow\" style=\"flex-basis:66.66%\">\n<p style=\"font-size:24px\"><strong>Wspomnienia Boles\u0142awa Konitza z pracy w Minikowie<\/strong><\/p>\n\n\n\n<p style=\"font-size:16px;font-style:normal;font-weight:400\">Boles\u0142aw Konitz<strong> <\/strong>pracowa\u0142 w Kujawsko-Pomorskim O\u015brodku Doradztwa Rolniczego prawie trzydzie\u015bci lat, g\u0142\u00f3wnie w dziale doradztwa rolniczego, p\u00f3\u017aniej metodyki i organizacji pracy. By\u0142 te\u017c aktywnym dzia\u0142aczem bran\u017cowego Zwi\u0105zku Zawodowego Pracownik\u00f3w Rolnictwa RP &#8230;<\/p>\n\n\n\n<p style=\"font-size:16px\"><em><a href=\"https:\/\/historia.kpodr.pl\/index.php\/2023\/05\/17\/wspomnienia-boleslawa-konitza-z-pracy-w-minikowie\/\">wi\u0119cej&#8230;<\/a><\/em><\/p>\n<\/div>\n<\/div>\n\n\n\n<div class=\"wp-block-columns is-layout-flex wp-container-core-columns-is-layout-9d6595d7 wp-block-columns-is-layout-flex\">\n<div class=\"wp-block-column is-layout-flow wp-block-column-is-layout-flow\" style=\"flex-basis:33.33%\"><div class=\"wp-block-image\">\n<figure class=\"alignleft size-full\"><img loading=\"lazy\" decoding=\"async\" width=\"600\" height=\"400\" src=\"https:\/\/historia.kpodr.pl\/wp-content\/uploads\/2023\/06\/Piotr-Wojtowicz-kier-otwarcie-05.2023.jpg\" alt=\"\" class=\"wp-image-509\" srcset=\"https:\/\/historia.kpodr.pl\/wp-content\/uploads\/2023\/06\/Piotr-Wojtowicz-kier-otwarcie-05.2023.jpg 600w, https:\/\/historia.kpodr.pl\/wp-content\/uploads\/2023\/06\/Piotr-Wojtowicz-kier-otwarcie-05.2023-300x200.jpg 300w\" sizes=\"auto, (max-width: 600px) 100vw, 600px\" \/><\/figure>\n<\/div><\/div>\n\n\n\n<div class=\"wp-block-column is-vertically-aligned-center is-layout-flow wp-block-column-is-layout-flow\" style=\"flex-basis:66.66%\">\n<p style=\"font-size:24px\"><strong>Spotkanie doradc\u00f3w w Inowroc\u0142awiu<\/strong><\/p>\n\n\n\n<p style=\"font-size:16px;font-style:normal;font-weight:400\">W&nbsp;bie\u017c\u0105cym roku w&nbsp;Polsce obchodzony jest jubileusz 100-lecia publicznego doradztwa rolniczego. W&nbsp;zwi\u0105zku z&nbsp;tym w&nbsp;naszym O\u015brodku zaplanowano szereg dzia\u0142a\u0144, by w\u0142\u0105czy\u0107 si\u0119 w&nbsp;krajowe obchody. Jednym z&nbsp;element\u00f3w s\u0105 spotkania z&nbsp;emerytowanymi pracownikami &#8230;<\/p>\n\n\n\n<p style=\"font-size:16px\"><em><a href=\"https:\/\/historia.kpodr.pl\/index.php\/2023\/06\/22\/spotkanie-doradcow-w-inowroclawiu\/\">wi\u0119cej&#8230;<\/a><\/em><\/p>\n<\/div>\n<\/div>\n\n\n\n<div class=\"wp-block-columns is-layout-flex wp-container-core-columns-is-layout-9d6595d7 wp-block-columns-is-layout-flex\">\n<div class=\"wp-block-column is-layout-flow wp-block-column-is-layout-flow\" style=\"flex-basis:33.33%\"><div class=\"wp-block-image\">\n<figure class=\"alignleft size-large is-resized\"><img loading=\"lazy\" decoding=\"async\" src=\"https:\/\/historia.kpodr.pl\/wp-content\/uploads\/2023\/07\/wywiadJW-3-768x1024.jpg\" alt=\"\" class=\"wp-image-556\" width=\"174\" height=\"232\" srcset=\"https:\/\/historia.kpodr.pl\/wp-content\/uploads\/2023\/07\/wywiadJW-3-768x1024.jpg 768w, https:\/\/historia.kpodr.pl\/wp-content\/uploads\/2023\/07\/wywiadJW-3-225x300.jpg 225w, https:\/\/historia.kpodr.pl\/wp-content\/uploads\/2023\/07\/wywiadJW-3.jpg 800w\" sizes=\"auto, (max-width: 174px) 100vw, 174px\" \/><\/figure>\n<\/div><\/div>\n\n\n\n<div class=\"wp-block-column is-vertically-aligned-center is-layout-flow wp-block-column-is-layout-flow\" style=\"flex-basis:66.66%\">\n<p style=\"font-size:24px\"><strong>Wywiad z Januszem Wojciechowskim<\/strong><\/p>\n\n\n\n<p style=\"font-size:16px;font-style:normal;font-weight:400\">Przed podj\u0119ciem pracy w\u00a0doradztwie rolniczym uko\u0144czy\u0142em roczny sta\u017c pracy w\u00a0Wytw\u00f3rni Pasz Bacutil w\u00a0Golubiu-Dobrzyniu w\u00a01970 roku i\u00a0kurs Technolog\u00f3w Wytw\u00f3rni Pasz. Nast\u0119pnie by\u0142em zatrudniony w\u00a0Powiatowej Stacji Kwarantanny &#8230;<\/p>\n\n\n\n<p style=\"font-size:16px\"><em><a href=\"https:\/\/historia.kpodr.pl\/index.php\/2023\/07\/17\/wywiad-z-januszem-wojciechowskim\/\">wi\u0119cej..<\/a><a href=\"https:\/\/historia.kpodr.pl\/index.php\/2023\/06\/22\/spotkanie-doradcow-w-inowroclawiu\/\">.<\/a><\/em><\/p>\n<\/div>\n<\/div>\n\n\n\n<figure class=\"wp-block-image size-medium\"><img loading=\"lazy\" decoding=\"async\" width=\"300\" height=\"15\" src=\"https:\/\/historia.kpodr.pl\/wp-content\/uploads\/2023\/04\/LINIA-FILM-300x15.png\" alt=\"\" class=\"wp-image-272\" srcset=\"https:\/\/historia.kpodr.pl\/wp-content\/uploads\/2023\/04\/LINIA-FILM-300x15.png 300w, https:\/\/historia.kpodr.pl\/wp-content\/uploads\/2023\/04\/LINIA-FILM-1024x52.png 1024w, https:\/\/historia.kpodr.pl\/wp-content\/uploads\/2023\/04\/LINIA-FILM-768x39.png 768w, https:\/\/historia.kpodr.pl\/wp-content\/uploads\/2023\/04\/LINIA-FILM.png 1046w\" sizes=\"auto, (max-width: 300px) 100vw, 300px\" \/><\/figure>\n\n\n\n<div class=\"wp-block-columns is-layout-flex wp-container-core-columns-is-layout-9d6595d7 wp-block-columns-is-layout-flex\">\n<div class=\"wp-block-column is-layout-flow wp-block-column-is-layout-flow\"><\/div>\n\n\n\n<div class=\"wp-block-column is-layout-flow wp-block-column-is-layout-flow\"><\/div>\n<\/div>\n\n\n\n<figure class=\"wp-block-image size-medium is-resized\"><img loading=\"lazy\" decoding=\"async\" src=\"https:\/\/historia.kpodr.pl\/wp-content\/uploads\/2023\/04\/LINIA-GALER-300x16.png\" alt=\"\" class=\"wp-image-273\" width=\"300\" height=\"16\" srcset=\"https:\/\/historia.kpodr.pl\/wp-content\/uploads\/2023\/04\/LINIA-GALER-300x16.png 300w, https:\/\/historia.kpodr.pl\/wp-content\/uploads\/2023\/04\/LINIA-GALER-1024x55.png 1024w, https:\/\/historia.kpodr.pl\/wp-content\/uploads\/2023\/04\/LINIA-GALER-768x41.png 768w, https:\/\/historia.kpodr.pl\/wp-content\/uploads\/2023\/04\/LINIA-GALER.png 1048w\" sizes=\"auto, (max-width: 300px) 100vw, 300px\" \/><\/figure>\n\n\n\n<div class=\"wp-block-columns is-layout-flex wp-container-core-columns-is-layout-9d6595d7 wp-block-columns-is-layout-flex\">\n<div class=\"wp-block-column is-layout-flow wp-block-column-is-layout-flow\" style=\"flex-basis: 33.33%;\">\u00a0<\/div>\n\n\n\n<div class=\"wp-block-column is-vertically-aligned-center is-layout-flow wp-block-column-is-layout-flow\" style=\"flex-basis:66.66%\">\n<p style=\"font-size:22px\">&nbsp;<\/p>\n<\/div>\n<\/div>\n\n\n\n<p>&nbsp;<\/p>\n","protected":false},"excerpt":{"rendered":"<p>\u00a0 \u00a0 Zarys historii doradztwa rolniczego na terenie woj. kujawsko-pomorskiego. Upadek I&nbsp;Rzeczpospolitej i&nbsp;okres zabor\u00f3w \u2013 okres od 1772 do 1918&nbsp;r. Historia doradztwa rolniczego wi\u0105\u017ce si\u0119 ze zmian\u0105 w\u0142asno\u015bci ziemi&nbsp; i&nbsp;utworzeniem ch\u0142opskich gospodarstw rolnych. W&nbsp;Polsce proces ten zacz\u0105\u0142 si\u0119 pod koniec XVIII wieku, kiedy w&nbsp;1772&nbsp;r. Sejm podj\u0105\u0142 pr\u00f3b\u0119 reformy rolnej. wi\u0119cej&#8230; Pocz\u0105tki by\u0142y trudne&#8230;, ale ciekawe. [&hellip;]<\/p>\n","protected":false},"author":2,"featured_media":0,"parent":0,"menu_order":1,"comment_status":"closed","ping_status":"closed","template":"","meta":{"footnotes":""},"class_list":["post-43","page","type-page","status-publish","hentry","eq-blocks"],"_links":{"self":[{"href":"https:\/\/historia.kpodr.pl\/index.php\/wp-json\/wp\/v2\/pages\/43","targetHints":{"allow":["GET"]}}],"collection":[{"href":"https:\/\/historia.kpodr.pl\/index.php\/wp-json\/wp\/v2\/pages"}],"about":[{"href":"https:\/\/historia.kpodr.pl\/index.php\/wp-json\/wp\/v2\/types\/page"}],"author":[{"embeddable":true,"href":"https:\/\/historia.kpodr.pl\/index.php\/wp-json\/wp\/v2\/users\/2"}],"replies":[{"embeddable":true,"href":"https:\/\/historia.kpodr.pl\/index.php\/wp-json\/wp\/v2\/comments?post=43"}],"version-history":[{"count":48,"href":"https:\/\/historia.kpodr.pl\/index.php\/wp-json\/wp\/v2\/pages\/43\/revisions"}],"predecessor-version":[{"id":584,"href":"https:\/\/historia.kpodr.pl\/index.php\/wp-json\/wp\/v2\/pages\/43\/revisions\/584"}],"wp:attachment":[{"href":"https:\/\/historia.kpodr.pl\/index.php\/wp-json\/wp\/v2\/media?parent=43"}],"curies":[{"name":"wp","href":"https:\/\/api.w.org\/{rel}","templated":true}]}}